{"id":3761,"date":"2025-11-12T20:59:17","date_gmt":"2025-11-12T23:59:17","guid":{"rendered":"https:\/\/ifd13-nqn.infd.edu.ar\/sitio\/?page_id=3761"},"modified":"2025-11-13T17:12:45","modified_gmt":"2025-11-13T20:12:45","slug":"forum-infancias-zapala","status":"publish","type":"page","link":"https:\/\/ifd13-nqn.infd.edu.ar\/sitio\/forum-infancias-zapala\/","title":{"rendered":"FORUM INFANCIAS ZAPALA"},"content":{"rendered":"\n<style>\n.full-width-degrade-wrapper {\n    background: linear-gradient(to bottom, #004080, #368551);\n    padding: 60px 20px;\n    color: #ffffff;\n    font-family: Arial, sans-serif;\n    box-sizing: border-box;\n    width: 100vw !important;\n    margin-left: calc(50% - 50vw) !important;\n    margin-right: 0 !important;\n    margin-top: 0 !important;\n    margin-bottom: 0 !important;\n}\n\n.pesi-container {\n    margin: 0 auto; \n    max-width: 900px; \n    padding: 0; \n}\n\n.pesi-main-title {\n    font-size: clamp(2.5em, 6vw, 4.5em);\n    font-weight: bold;\n    margin-bottom: 40px;\n    text-shadow: 2px 2px 5px rgba(0, 0, 0, 0.5);\n    text-align: center;\n    line-height: 1.1;\n    color: #ffffff; \n}\n\n.pesi-content-area {\n    background-color: #ffffff; \n    padding: 30px;\n    border-radius: 8px;\n    box-shadow: 0 4px 15px rgba(0, 0, 0, 0.1); \n    color: #333333; \n}\n\n.info-text-dark {\n    color: #333333;\n    line-height: 1.6;\n    margin-bottom: 30px;\n    font-size: 1.1em;\n    text-align: justify; \/* Texto justificado *\/\n}\n\n.info-text-dark li {\n    margin-bottom: 8px;\n    text-align: justify;\n}\n\n.title-block-blue {\n    background-color: #004080;\n    color: white;\n    padding: 15px 15px;\n    text-align: center;\n    font-size: clamp(1.5em, 3vw, 2em);\n    font-weight: bold;\n    border-radius: 5px;\n    line-height: 1.3;\n    margin: 30px 0 20px 0; \n}\n\n.contenedor-imagen img {\n    display: block;\n    margin: 0 auto;\n    max-width: 60%;\n    height: auto;\n}\n\n@media (max-width: 480px) {\n    .horario-semanal th,\n    .horario-semanal td {\n        display: block;\n        width: 100%;\n        text-align: left;\n    }\n}\n<\/style>\n\n<div class=\"full-width-degrade-wrapper\">\n    <div class=\"pesi-container\"> \n        <div class=\"pesi-main-title\">\n            Forum Infancias Zapala\n        <\/div>\n        \n        <div class=\"pesi-content-area\">\n        \n            <p class=\"info-text-dark\">\n                Somos el colectivo Forum de Infancias Zapala, nos encontramos convocadas por el inter\u00e9s de visibilizar los procesos de patologizaci\u00f3n y medicalizaci\u00f3n de las infancias y adolescencias imperantes en el contexto social e hist\u00f3rico actual. Nuestro lema es generar espacios e intercambios que apuesten por la despatologizaci\u00f3n de los discursos y las pr\u00e1cticas en contexto escolar como en otros.\n            <\/p>\n            <p class=\"info-text-dark\">\n            Para ello hemos constituido este a\u00f1o un lazo junto a el Movimiento Federal Forum de Infancias el cual es un grupo de profesionales de diferentes disciplinas del \u00e1mbito de la salud, de la educaci\u00f3n, de las ciencias sociales, que desde el a\u00f1o 2005 trabaja para promover pr\u00e1cticas y pol\u00edticas p\u00fablicas sectoriales que contribuyan al bienestar de las infancias y adolescencias, y la efectiva protecci\u00f3n de sus derechos.\n            <\/p>\n            <p class=\"info-text-dark\">\n            As\u00ed, damos inicio a este trabajo colectivo comprometido con las infancias y juventudes, y sus singularidades. Iniciamos una apuesta de resistencia y ternura para acompa\u00f1ar a las infancias y juventudes desde una perspectiva integral y de derechos.\n            <\/p>                           \n            <p class=\"info-text-dark\" style=\"text-align: center; margin-top: 30px;\">\n                Les invitamos a seguirnos en nuestras redes: <a href=\"https:\/\/foruminfancias.com.ar\/\" style=\"color: #004080; font-weight: bold; text-decoration: none;\">https:\/\/foruminfancias.com.ar\/<\/a>\n            <\/p>\n            <p class=\"info-text-dark\">\n            Equipo de trabajo \u00abForum Infancias Zapala\u00bb Aguilera Lorena, Baeza Evelyn, Hormachea Anabella, Gerez M\u00f3nica, Iba\u00f1ez Teresita, Mattio Romina, Morales Estela, Robledo Roc\u00edo.\n            <\/p>\n            <div class=\"contenedor-imagen\">\n                <img decoding=\"async\" src=\"https:\/\/ifd13-nqn.infd.edu.ar\/sitio\/wp-content\/uploads\/2025\/11\/Forum-Infancias.jpeg\" alt=\"Logo de Forum Infancias\"\/>\n            <\/div>\n            <\/div>\n            \n        <\/div>\n    <\/div>\n<\/div>\n","protected":false},"excerpt":{"rendered":"<p>Forum Infancias Zapala Somos el colectivo Forum de Infancias Zapala, nos encontramos convocadas por el inter\u00e9s de visibilizar los procesos de patologizaci\u00f3n y medicalizaci\u00f3n de las infancias y adolescencias imperantes en el contexto social e hist\u00f3rico actual. Nuestro lema es generar espacios e intercambios que apuesten por la despatologizaci\u00f3n de los discursos y las pr\u00e1cticas &#8230; <a title=\"FORUM INFANCIAS ZAPALA\" class=\"read-more\" href=\"https:\/\/ifd13-nqn.infd.edu.ar\/sitio\/forum-infancias-zapala\/\" aria-label=\"More on FORUM INFANCIAS ZAPALA\">[+]<\/a><\/p>\n","protected":false},"author":1709,"featured_media":0,"parent":0,"menu_order":0,"comment_status":"closed","ping_status":"closed","template":"","meta":[],"acf":[],"_links":{"self":[{"href":"https:\/\/ifd13-nqn.infd.edu.ar\/sitio\/wp-json\/wp\/v2\/pages\/3761"}],"collection":[{"href":"https:\/\/ifd13-nqn.infd.edu.ar\/sitio\/wp-json\/wp\/v2\/pages"}],"about":[{"href":"https:\/\/ifd13-nqn.infd.edu.ar\/sitio\/wp-json\/wp\/v2\/types\/page"}],"author":[{"embeddable":true,"href":"https:\/\/ifd13-nqn.infd.edu.ar\/sitio\/wp-json\/wp\/v2\/users\/1709"}],"replies":[{"embeddable":true,"href":"https:\/\/ifd13-nqn.infd.edu.ar\/sitio\/wp-json\/wp\/v2\/comments?post=3761"}],"version-history":[{"count":5,"href":"https:\/\/ifd13-nqn.infd.edu.ar\/sitio\/wp-json\/wp\/v2\/pages\/3761\/revisions"}],"predecessor-version":[{"id":3773,"href":"https:\/\/ifd13-nqn.infd.edu.ar\/sitio\/wp-json\/wp\/v2\/pages\/3761\/revisions\/3773"}],"wp:attachment":[{"href":"https:\/\/ifd13-nqn.infd.edu.ar\/sitio\/wp-json\/wp\/v2\/media?parent=3761"}],"curies":[{"name":"wp","href":"https:\/\/api.w.org\/{rel}","templated":true}]}}

<style>
.full-width-degrade-wrapper {
    background: linear-gradient(to bottom, #004080, #368551);
    padding: 60px 20px;
    color: #ffffff;
    font-family: Arial, sans-serif;
    box-sizing: border-box;
    width: 100vw !important;
    margin-left: calc(50% - 50vw) !important;
    margin-right: 0 !important;
    margin-top: 0 !important;
    margin-bottom: 0 !important;
}

.pesi-container {
    margin: 0 auto; 
    max-width: 900px; 
    padding: 0; 
}

.pesi-main-title {
    font-size: clamp(2.5em, 6vw, 4.5em);
    font-weight: bold;
    margin-bottom: 40px;
    text-shadow: 2px 2px 5px rgba(0, 0, 0, 0.5);
    text-align: center;
    line-height: 1.1;
    color: #ffffff; 
}

.pesi-content-area {
    background-color: #ffffff; 
    padding: 30px;
    border-radius: 8px;
    box-shadow: 0 4px 15px rgba(0, 0, 0, 0.1); 
    color: #333333; 
}

.info-text-dark {
    color: #333333;
    line-height: 1.6;
    margin-bottom: 30px;
    font-size: 1.1em;
    text-align: justify; /* Texto justificado */
}

.info-text-dark li {
    margin-bottom: 8px;
    text-align: justify;
}

.title-block-blue {
    background-color: #004080;
    color: white;
    padding: 15px 15px;
    text-align: center;
    font-size: clamp(1.5em, 3vw, 2em);
    font-weight: bold;
    border-radius: 5px;
    line-height: 1.3;
    margin: 30px 0 20px 0; 
}

.contenedor-imagen img {
    display: block;
    margin: 0 auto;
    max-width: 60%;
    height: auto;
}

@media (max-width: 480px) {
    .horario-semanal th,
    .horario-semanal td {
        display: block;
        width: 100%;
        text-align: left;
    }
}
</style>

<div class="full-width-degrade-wrapper">
    <div class="pesi-container"> 
        <div class="pesi-main-title">
            Forum Infancias Zapala
        </div>
        
        <div class="pesi-content-area">
        
            <p class="info-text-dark">
                Somos el colectivo Forum de Infancias Zapala, nos encontramos convocadas por el interés de visibilizar los procesos de patologización y medicalización de las infancias y adolescencias imperantes en el contexto social e histórico actual. Nuestro lema es generar espacios e intercambios que apuesten por la despatologización de los discursos y las prácticas en contexto escolar como en otros.
            </p>
            <p class="info-text-dark">
            Para ello hemos constituido este año un lazo junto a el Movimiento Federal Forum de Infancias el cual es un grupo de profesionales de diferentes disciplinas del ámbito de la salud, de la educación, de las ciencias sociales, que desde el año 2005 trabaja para promover prácticas y políticas públicas sectoriales que contribuyan al bienestar de las infancias y adolescencias, y la efectiva protección de sus derechos.
            </p>
            <p class="info-text-dark">
            Así, damos inicio a este trabajo colectivo comprometido con las infancias y juventudes, y sus singularidades. Iniciamos una apuesta de resistencia y ternura para acompañar a las infancias y juventudes desde una perspectiva integral y de derechos.
            </p>                           
            <p class="info-text-dark" style="text-align: center; margin-top: 30px;">
                Les invitamos a seguirnos en nuestras redes: <a href="https://foruminfancias.com.ar/" style="color: #004080; font-weight: bold; text-decoration: none;">https://foruminfancias.com.ar/</a>
            </p>
            <p class="info-text-dark">
            Equipo de trabajo «Forum Infancias Zapala» Aguilera Lorena, Baeza Evelyn, Hormachea Anabella, Gerez Mónica, Ibañez Teresita, Mattio Romina, Morales Estela, Robledo Rocío.
            </p>
            <div class="contenedor-imagen">
                <img decoding="async" src="https://ifd13-nqn.infd.edu.ar/sitio/wp-content/uploads/2025/11/Forum-Infancias.jpeg" alt="Logo de Forum Infancias"/>
            </div>
            </div>
            
        </div>
    </div>
</div>

<p>Forum Infancias Zapala Somos el colectivo Forum de Infancias Zapala, nos encontramos convocadas por el interés de visibilizar los procesos de patologización y medicalización de las infancias y adolescencias imperantes en el contexto social e histórico actual. Nuestro lema es generar espacios e intercambios que apuesten por la despatologización de los discursos y las prácticas &#8230; <a title="FORUM INFANCIAS ZAPALA" class="read-more" href="https://ifd13-nqn.infd.edu.ar/sitio/forum-infancias-zapala/" aria-label="More on FORUM INFANCIAS ZAPALA">[+]</a></p>
