{"id":3595,"date":"2025-10-20T21:44:30","date_gmt":"2025-10-21T00:44:30","guid":{"rendered":"https:\/\/ifd13-nqn.infd.edu.ar\/sitio\/?page_id=3595"},"modified":"2025-10-20T21:48:00","modified_gmt":"2025-10-21T00:48:00","slug":"accesibilidad","status":"publish","type":"page","link":"https:\/\/ifd13-nqn.infd.edu.ar\/sitio\/accesibilidad\/","title":{"rendered":"ACCESIBILIDAD"},"content":{"rendered":"\n<style>\n.full-width-degrade-wrapper {\n    background: linear-gradient(to bottom, #004080, #368551);\n    padding: 60px 20px;\n    color: #ffffff;\n    font-family: Arial, sans-serif;\n    box-sizing: border-box;\n    width: 100vw !important;\n    margin-left: calc(50% - 50vw) !important;\n    margin-right: 0 !important;\n    margin-top: 0 !important;\n    margin-bottom: 0 !important;\n}\n\n.pesi-container {\n    margin: 0 auto; \n    max-width: 900px; \n    padding: 0; \n}\n\n.pesi-main-title {\n    font-size: clamp(2.5em, 6vw, 4.5em);\n    font-weight: bold;\n    margin-bottom: 40px;\n    text-shadow: 2px 2px 5px rgba(0, 0, 0, 0.5);\n    text-align: center;\n    line-height: 1.1;\n    color: #ffffff; \n}\n\n.pesi-content-area {\n    background-color: #ffffff; \n    padding: 30px;\n    border-radius: 8px;\n    box-shadow: 0 4px 15px rgba(0, 0, 0, 0.1); \n    color: #333333; \n}\n\n.info-text-dark {\n    color: #333333;\n    line-height: 1.6;\n    margin-bottom: 30px;\n    font-size: 1.1em;\n    text-align: justify; \/* Texto justificado *\/\n}\n\n.info-text-dark li {\n    margin-bottom: 8px;\n    text-align: justify;\n}\n\n.title-block-blue {\n    background-color: #004080;\n    color: white;\n    padding: 15px 15px;\n    text-align: center;\n    font-size: clamp(1.5em, 3vw, 2em);\n    font-weight: bold;\n    border-radius: 5px;\n    line-height: 1.3;\n    margin: 30px 0 20px 0; \n}\n\n.contenedor-imagen img {\n    display: block;\n    margin: 0 auto;\n    max-width: 30%;\n    height: auto;\n}\n\n@media (max-width: 480px) {\n    .horario-semanal th,\n    .horario-semanal td {\n        display: block;\n        width: 100%;\n        text-align: left;\n    }\n}\n<\/style>\n\n<div class=\"full-width-degrade-wrapper\">\n    <div class=\"pesi-container\"> \n        <div class=\"pesi-main-title\">\n            Comisi\u00f3n de Accesibilidad\n        <\/div>\n        \n        <div class=\"pesi-content-area\">\n        \n            <p class=\"info-text-dark\">\n                La Comisi\u00f3n de Accesibilidad es un grupo interdisciplinario que se ocupa esencialmente del acompa\u00f1amiento y asesoramiento de docentes del I.F.D. N\u00b013 Nivel Superior en la construcci\u00f3n de propuestas de ense\u00f1anzas accesibles en pos de garantizar el derecho a la educaci\u00f3n de los estudiantes. Basados en el principio de Inclusi\u00f3n y Accesibilidad, propone la identificaci\u00f3n de barreras sociales y sus posibles modos de intervenci\u00f3n. As\u00ed tambi\u00e9n, difunde e informa sobre acciones tendientes a construir un Instituto que aloje a todos y todas.\n            <\/p>                           \n            <p class=\"info-text-dark\" style=\"text-align: center; margin-top: 30px;\">\n                Para m\u00e1s informaci\u00f3n, pod\u00e9s escribir a: <a href=\"mailto:accesibilidad.isfd13@gmail.com\" style=\"color: #004080; font-weight: bold; text-decoration: none;\">accesibilidad.isfd13@gmail.com<\/a>\n            <\/p>\n            <div class=\"contenedor-imagen\">\n                <img decoding=\"async\" src=\"https:\/\/ifd13-nqn.infd.edu.ar\/sitio\/wp-content\/uploads\/2025\/10\/simbolo-logo-signo-pictograma-accesibilidad-universal.jpg\" alt=\"Logo de Accesibilidad\"\/>\n            <\/div>\n            <\/div>\n            \n        <\/div>\n    <\/div>\n<\/div>\n","protected":false},"excerpt":{"rendered":"<p>Comisi\u00f3n de Accesibilidad La Comisi\u00f3n de Accesibilidad es un grupo interdisciplinario que se ocupa esencialmente del acompa\u00f1amiento y asesoramiento de docentes del I.F.D. N\u00b013 Nivel Superior en la construcci\u00f3n de propuestas de ense\u00f1anzas accesibles en pos de garantizar el derecho a la educaci\u00f3n de los estudiantes. Basados en el principio de Inclusi\u00f3n y Accesibilidad, propone &#8230; <a title=\"ACCESIBILIDAD\" class=\"read-more\" href=\"https:\/\/ifd13-nqn.infd.edu.ar\/sitio\/accesibilidad\/\" aria-label=\"More on ACCESIBILIDAD\">[+]<\/a><\/p>\n","protected":false},"author":1709,"featured_media":0,"parent":0,"menu_order":0,"comment_status":"closed","ping_status":"closed","template":"","meta":[],"acf":[],"_links":{"self":[{"href":"https:\/\/ifd13-nqn.infd.edu.ar\/sitio\/wp-json\/wp\/v2\/pages\/3595"}],"collection":[{"href":"https:\/\/ifd13-nqn.infd.edu.ar\/sitio\/wp-json\/wp\/v2\/pages"}],"about":[{"href":"https:\/\/ifd13-nqn.infd.edu.ar\/sitio\/wp-json\/wp\/v2\/types\/page"}],"author":[{"embeddable":true,"href":"https:\/\/ifd13-nqn.infd.edu.ar\/sitio\/wp-json\/wp\/v2\/users\/1709"}],"replies":[{"embeddable":true,"href":"https:\/\/ifd13-nqn.infd.edu.ar\/sitio\/wp-json\/wp\/v2\/comments?post=3595"}],"version-history":[{"count":7,"href":"https:\/\/ifd13-nqn.infd.edu.ar\/sitio\/wp-json\/wp\/v2\/pages\/3595\/revisions"}],"predecessor-version":[{"id":3611,"href":"https:\/\/ifd13-nqn.infd.edu.ar\/sitio\/wp-json\/wp\/v2\/pages\/3595\/revisions\/3611"}],"wp:attachment":[{"href":"https:\/\/ifd13-nqn.infd.edu.ar\/sitio\/wp-json\/wp\/v2\/media?parent=3595"}],"curies":[{"name":"wp","href":"https:\/\/api.w.org\/{rel}","templated":true}]}}

<style>
.full-width-degrade-wrapper {
    background: linear-gradient(to bottom, #004080, #368551);
    padding: 60px 20px;
    color: #ffffff;
    font-family: Arial, sans-serif;
    box-sizing: border-box;
    width: 100vw !important;
    margin-left: calc(50% - 50vw) !important;
    margin-right: 0 !important;
    margin-top: 0 !important;
    margin-bottom: 0 !important;
}

.pesi-container {
    margin: 0 auto; 
    max-width: 900px; 
    padding: 0; 
}

.pesi-main-title {
    font-size: clamp(2.5em, 6vw, 4.5em);
    font-weight: bold;
    margin-bottom: 40px;
    text-shadow: 2px 2px 5px rgba(0, 0, 0, 0.5);
    text-align: center;
    line-height: 1.1;
    color: #ffffff; 
}

.pesi-content-area {
    background-color: #ffffff; 
    padding: 30px;
    border-radius: 8px;
    box-shadow: 0 4px 15px rgba(0, 0, 0, 0.1); 
    color: #333333; 
}

.info-text-dark {
    color: #333333;
    line-height: 1.6;
    margin-bottom: 30px;
    font-size: 1.1em;
    text-align: justify; /* Texto justificado */
}

.info-text-dark li {
    margin-bottom: 8px;
    text-align: justify;
}

.title-block-blue {
    background-color: #004080;
    color: white;
    padding: 15px 15px;
    text-align: center;
    font-size: clamp(1.5em, 3vw, 2em);
    font-weight: bold;
    border-radius: 5px;
    line-height: 1.3;
    margin: 30px 0 20px 0; 
}

.contenedor-imagen img {
    display: block;
    margin: 0 auto;
    max-width: 30%;
    height: auto;
}

@media (max-width: 480px) {
    .horario-semanal th,
    .horario-semanal td {
        display: block;
        width: 100%;
        text-align: left;
    }
}
</style>

<div class="full-width-degrade-wrapper">
    <div class="pesi-container"> 
        <div class="pesi-main-title">
            Comisión de Accesibilidad
        </div>
        
        <div class="pesi-content-area">
        
            <p class="info-text-dark">
                La Comisión de Accesibilidad es un grupo interdisciplinario que se ocupa esencialmente del acompañamiento y asesoramiento de docentes del I.F.D. N°13 Nivel Superior en la construcción de propuestas de enseñanzas accesibles en pos de garantizar el derecho a la educación de los estudiantes. Basados en el principio de Inclusión y Accesibilidad, propone la identificación de barreras sociales y sus posibles modos de intervención. Así también, difunde e informa sobre acciones tendientes a construir un Instituto que aloje a todos y todas.
            </p>                           
            <p class="info-text-dark" style="text-align: center; margin-top: 30px;">
                Para más información, podés escribir a: <a href="mailto:accesibilidad.isfd13@gmail.com" style="color: #004080; font-weight: bold; text-decoration: none;">accesibilidad.isfd13@gmail.com</a>
            </p>
            <div class="contenedor-imagen">
                <img decoding="async" src="https://ifd13-nqn.infd.edu.ar/sitio/wp-content/uploads/2025/10/simbolo-logo-signo-pictograma-accesibilidad-universal.jpg" alt="Logo de Accesibilidad"/>
            </div>
            </div>
            
        </div>
    </div>
</div>

<p>Comisión de Accesibilidad La Comisión de Accesibilidad es un grupo interdisciplinario que se ocupa esencialmente del acompañamiento y asesoramiento de docentes del I.F.D. N°13 Nivel Superior en la construcción de propuestas de enseñanzas accesibles en pos de garantizar el derecho a la educación de los estudiantes. Basados en el principio de Inclusión y Accesibilidad, propone &#8230; <a title="ACCESIBILIDAD" class="read-more" href="https://ifd13-nqn.infd.edu.ar/sitio/accesibilidad/" aria-label="More on ACCESIBILIDAD">[+]</a></p>
