{"id":3349,"date":"2025-09-25T22:24:35","date_gmt":"2025-09-26T01:24:35","guid":{"rendered":"https:\/\/ifd13-nqn.infd.edu.ar\/sitio\/?page_id=3349"},"modified":"2025-10-13T21:27:16","modified_gmt":"2025-10-14T00:27:16","slug":"proyectos-de-extension-2018","status":"publish","type":"page","link":"https:\/\/ifd13-nqn.infd.edu.ar\/sitio\/proyectos-de-extension-2018\/","title":{"rendered":"Proyectos de Extensi\u00f3n &#8211; 2018"},"content":{"rendered":"\n<div style=\"\n  background-color: #004080;\n  color: white;\n  padding: 20px 15px;\n  text-align: center;\n  font-size: 24px;\n  font-weight: bold;\n  border-radius: 5px;\n  line-height: 1.3;\n  word-break: break-word;\n\">\n  Proyectos de Extensi\u00f3n &#8211; 2018\n<\/div>\n\n\n\n<div class=\"extension-card\">\n  <h2><a href=\"#\">\u00abA los ni\u00f1os, por su nombre\u00bb. Desarmando etiquetas.<\/a><\/h2>\n  <p><strong>Directores:<\/strong>Lorena Aguilera, Evangelina Del Castillo, Anabella Hormachea, Teresita Iba\u00f1ez y Gabriela Evangelina Fern\u00e1ndez <\/p>\n    <p><strong>Ejes tem\u00e1ticos:<\/strong> <span class=\"tag\">Despatologizaci\u00f3n de la Infancia.<\/span><\/p>\n<\/div>\n\n<div class=\"extension-card\">\n  <h2><a href=\"#\">\u00abAcompa\u00f1ando las trayectorias de los residentes de 4to. PEP\u00bb<\/a><\/h2>\n  <p><strong>Directores:<\/strong>Andrea Ar\u00e9valo Smith y Mar\u00eda Amelia Delgado<\/p>\n  <p><strong>Ejes tem\u00e1ticos:<\/strong> <span class=\"tag\">Acompa\u00f1amiento de las trayectorias educativas.<\/span><\/p>\n<\/div>\n\n<div class=\"extension-card\">\n  <h2><a href=\"#\">\u00abDescolonizar&#8230; Una tarea inconclusa en educaci\u00f3n. Acerca de la incidencia de la colonialidad en el sistema educativo y el desaf\u00edo de construir experiencias otras\u00bb<\/a><\/h2>\n  <p><strong>Directores:<\/strong>Patricia Corval\u00e1n, M\u00f3nica Gerez, Teresita Iba\u00f1ez, Facundo M\u00f3naco, Fabiana Painemilla y Diego Rorai<\/p>\n  <p><strong>Ejes tem\u00e1ticos:<\/strong> <span class=\"tag\">Modernidad, colonialismo y escuela. Pr\u00e1cticas pedag\u00f3gicas contrahegem\u00f3nicas.<\/span><\/p>\n<\/div>\n\n<div class=\"extension-card\">\n  <h2><a href=\"#\">\u00abDibujando para mirar\u00bb. Algunos modos de emplear las Artes Visuales en el \u00e1mbito escolar<\/a><\/h2>\n  <p><strong>Directores:<\/strong>Alejandra Hirschfeldt y Carina Elizondo<\/p>\n  <p><strong>Ejes tem\u00e1ticos:<\/strong> <span class=\"tag\">Artes Visuales en el \u00e1mbito escolar.<\/span><\/p>\n<\/div>\n\n<div class=\"extension-card\">\n  <h2><a href=\"#\">Jornadas de Puertas Abiertas: \u00abCuando la calle entra al Instituto y el Instituto sale a las calles de Zapala\u00bb.<\/a><\/h2>\n  <p><strong>Directores:<\/strong> Karina Luj\u00e1n Herrera y Facundo Quiroga<\/p>\n  <p><strong>Ejes tem\u00e1ticos:<\/strong> <span class=\"tag\">Socializaci\u00f3n y retroalimentaci\u00f3n de las actividades de Extensi\u00f3n e Investigaci\u00f3n educativa del ISFD N\u00b013.<\/span><\/p>\n<\/div>\n\n<div class=\"extension-card\">\n  <h2><a href=\"#\">\u00abJuegos compartidos\u00bb<\/a><\/h2>\n  <p><strong>Directores:<\/strong>Mario Sifuentes, Mariana Greco y Franco Alarc\u00f3n<\/p>\n  <p><strong>Ejes tem\u00e1ticos:<\/strong> <span class=\"tag\">Juegos Motores.<\/span><\/p>\n<\/div>\n\n<div class=\"extension-card\">\n  <h2><a href=\"#\">\u00abLa sala como ambiente alfabetizador\u00bb. Revisitar las pr\u00e1cticas de ense\u00f1anza pensando en la alfabetizaci\u00f3n Inicial.<\/a><\/h2>\n  <p><strong>Directores:<\/strong>Aldana L\u00f3pez y Palmira Bracamonte<\/p>\n  <p><strong>Ejes tem\u00e1ticos:<\/strong> <span class=\"tag\">Alfabetizaci\u00f3n Inicial en el Jard\u00edn de Infantes.<\/span><\/p>\n<\/div>\n\n<div class=\"extension-card\">\n  <h2><a href=\"#\">\u00abLos principios y procesos comunicativos en la organizaci\u00f3n municipal\u00bb<\/a><\/h2>\n  <p><strong>Directores:<\/strong> Abigail Vera Schneider y Ver\u00f3nica Paula Vera<\/p>\n  <p><strong>Ejes tem\u00e1ticos:<\/strong> <span class=\"tag\">Comunicaci\u00f3n Municipal.<\/span><\/p>\n<\/div>\n\n<div class=\"extension-card\">\n  <h2><a href=\"#\">\u00abPlanificaci\u00f3n del Proyecto de Maestro de Apoyo 2018\u00bb<\/a><\/h2>\n  <p><strong>Directores:<\/strong>Mario Gonzalez, Beatriz Villaroel y Silvana Zurita<\/p>\n  <p><strong>Ejes tem\u00e1ticos:<\/strong> <span class=\"tag\">Planificaci\u00f3n.<\/span><\/p>\n<\/div>\n\n<div class=\"extension-card\">\n  <h2><a href=\"#\">\u00abRevisando y (co)-construyendo experiencias pedag\u00f3gicas en el marco la diversidad en Nivel Medio\u00bb El nuevo Paradigma en de la Educaci\u00f3n Especial El Modelo Social<\/a><\/h2>\n  <p><strong>Directores:<\/strong>Silvana Zurita, Ruth Simbalaj, Julieta Alzaga y Beatriz Villaroel<\/p>\n  <p><strong>Ejes tem\u00e1ticos:<\/strong> <span class=\"tag\">Diversidad-Pr\u00e1cticas Pedag\u00f3gicas desde una mirada cr\u00edtica. El nuevo Paradigma de la Educaci\u00f3n Especial El Modelo Social (Convenci\u00f3n Internacional sobre los Derechos de las Personas con Discapacidad).<\/span><\/p>\n<\/div>\n\n<div class=\"extension-card\">\n  <h2><a href=\"#\">\u00abAcompa\u00f1amiento a la Infancia &#8211; PAI\u00bb<\/a><\/h2>\n  <p><strong>Directores:<\/strong>Mar\u00eda Peralta, Diego Rorai, Sandra C\u00e1rcamo, M\u00f3nica Gerez y Facundo M\u00f3naco<\/p>\n  <p><strong>Ejes tem\u00e1ticos:<\/strong> <span class=\"tag\">Educaci\u00f3n popular. Infancias y sus entornos en el contexto del Barrio Bella Vista.<\/span><\/p>\n<\/div>\n\n<div class=\"extension-card\">\n  <h2><a href=\"#\">\u00abEl Zorzal &#8211; Sesiones\u00bb<\/a><\/h2>\n  <p><strong>Directores:<\/strong>Facundo Quiroga y Mariana Alumin\u00e9 Garro<\/p>\n  <p><strong>Ejes tem\u00e1ticos:<\/strong> <span class=\"tag\">Educaci\u00f3n. Cultura. M\u00fasica.<\/span><\/p>\n<\/div>\n\n<div class=\"extension-card\">\n  <h2><a href=\"#\">\u00abRe-Pensando la formaci\u00f3n y la tarea docente desde una mirada intercultural\u00bb.<\/a><\/h2>\n  <p><strong>Directores:<\/strong>Facundo M\u00f3naco, Diego Rorai, Cecilia Huenupay, Cipriano Melill\u00e1n y Flavia Eliana Fuentes<\/p>\n  <p><strong>Ejes tem\u00e1ticos:<\/strong> <span class=\"tag\">Interculturalidad en la Educaci\u00f3n y Formaci\u00f3n Docente. Escuelas y poblaci\u00f3n Mapuche en la Provincia del Neuqu\u00e9n.<\/span><\/p>\n<\/div>\n\n<div class=\"extension-card\">\n  <h2><a href=\"#\">\u00abUna re-vuelta en las experiencias pedag\u00f3gicas\u00bb<\/a><\/h2>\n  <p><strong>Directores:<\/strong>Mar\u00eda del C. C. Peralta y Diego Rorai<\/p>\n  <p><strong>Ejes tem\u00e1ticos:<\/strong> <span class=\"tag\">Pensamiento y reflexi\u00f3n del proceso de ense\u00f1anza, aprendizajes y evaluaci\u00f3n.<\/span><\/p>\n<\/div>\n\n<div class=\"extension-card\">\n  <h2><a href=\"#\">\u00abRetejiendo puentes entre el Docente Coformador y la Residencia\u00bb<\/a><\/h2>\n  <p><strong>Directores:<\/strong>Gabriela Quiroga, Yanet Matus y Soledad Pizarro<\/p>\n  <p><strong>Ejes tem\u00e1ticos:<\/strong> <span class=\"tag\">Coformaci\u00f3n<\/span><\/p>\n<\/div>\n\n<div class=\"extension-card\">\n  <h2><a href=\"#\">\u00abRevisando y (co)construyendo experiencias pedag\u00f3gicas orientadas a propiciar nuevas representaciones de los sujetos en situaci\u00f3n de discapacidad incluidos en los niveles Inicial y Primario\u00bb<\/a><\/h2>\n  <p><strong>Directores:<\/strong>Docentes del Campo de la Pr\u00e1ctica de 1\u00b0, 2\u00b0 y 3\u00b0 a\u00f1o y docentes de materias afines del Profesorado de Educaci\u00f3n Especial con orientaci\u00f3n en Discapacidad Intelectual y Supervisores de los Niveles Primarios, Inicial y de Educaci\u00f3n Especial<\/p>\n  <p><strong>Ejes tem\u00e1ticos:<\/strong> <span class=\"tag\">Discapacidad. Inclusi\u00f3n. La subjetividad y las instituciones. Ideolog\u00edas de Normalidad\/Anormalidad.<\/span><\/p>\n<\/div>\n\n<div class=\"extension-card\">\n  <h2><a href=\"#\">\u00abSeminarios de reflexi\u00f3n acerca de la violencia intra-familiar, el maltrato infanto-juvenil y el rol docente\u00bb<\/a><\/h2>\n  <p><strong>Directores:<\/strong>Cynthia Olivera<\/p>\n  <p><strong>Ejes tem\u00e1ticos:<\/strong> <span class=\"tag\">Violencia intra-familiar. Maltrato infanto-juvenil y dentro del mismo hacer foco en el Abuso sexual infantil.<\/span><\/p>\n<\/div>\n\n<div class=\"extension-card\">\n  <h2><a href=\"#\">\u00abTriangulando saberes y experiencias pedag\u00f3gico-did\u00e1cticas, desde la Lengua y la Matem\u00e1tica, en el primer ciclo\u00bb.<\/a><\/h2>\n  <p><strong>Directores:<\/strong>Pablo Varosio y Cecilia Alaniz<\/p>\n  <p><strong>Ejes tem\u00e1ticos:<\/strong> <span class=\"tag\">Alfabetizaci\u00f3n Inicial. La ense\u00f1anza de la Lengua y la Matem\u00e1tica en el primer ciclo, a trav\u00e9s de pr\u00e1cticas pedag\u00f3gico-did\u00e1cticas situadas, contextualizadas.<\/span><\/p>\n<\/div>\n\n<style>\n.extension-card {\n  border-top: 1px solid #000;\n  border-bottom: 1px solid #000;\n  padding: 1.5rem 1rem;\n  max-width: 900px;\n  margin: 0 auto;\n  font-family: Arial, sans-serif;\n}\n.extension-card h2 {\n  font-size: 1.5rem;\n  font-weight: 700;\n  margin-bottom: 0.5rem;\n}\n.extension-card h2 a {\n  text-decoration: none;\n  color: #000;\n}\n.extension-card h2 a:hover {\n  color: #3182ce;\n}\n.extension-card p {\n  margin: 0.3rem 0;\n  font-size: 1rem;\n  color: #222;\n}\n.extension-card .tag {\n  background: #004080;\n  color: #fff;\n  padding: 0.2rem 0.6rem;\n  border-radius: 20px;\n  font-size: 0.9rem;\n  display: inline-block;\n}\n@media (max-width: 600px) {\n  .extension-card {\n    padding: 1rem;\n  }\n  .extension-card h2 {\n    font-size: 1.25rem;\n  }\n  .extension-card p {\n    font-size: 0.95rem;\n  }\n  .extension-card .tag {\n    font-size: 0.85rem;\n    padding: 0.2rem 0.5rem;\n  }\n}\n<\/style>\n","protected":false},"excerpt":{"rendered":"<p>Proyectos de Extensi\u00f3n &#8211; 2018 \u00abA los ni\u00f1os, por su nombre\u00bb. Desarmando etiquetas. Directores:Lorena Aguilera, Evangelina Del Castillo, Anabella Hormachea, Teresita Iba\u00f1ez y Gabriela Evangelina Fern\u00e1ndez Ejes tem\u00e1ticos: Despatologizaci\u00f3n de la Infancia. \u00abAcompa\u00f1ando las trayectorias de los residentes de 4to. PEP\u00bb Directores:Andrea Ar\u00e9valo Smith y Mar\u00eda Amelia Delgado Ejes tem\u00e1ticos: Acompa\u00f1amiento de las trayectorias educativas. &#8230; <a title=\"Proyectos de Extensi\u00f3n &#8211; 2018\" class=\"read-more\" href=\"https:\/\/ifd13-nqn.infd.edu.ar\/sitio\/proyectos-de-extension-2018\/\" aria-label=\"More on Proyectos de Extensi\u00f3n &#8211; 2018\">[+]<\/a><\/p>\n","protected":false},"author":1709,"featured_media":0,"parent":0,"menu_order":0,"comment_status":"closed","ping_status":"closed","template":"","meta":[],"acf":[],"_links":{"self":[{"href":"https:\/\/ifd13-nqn.infd.edu.ar\/sitio\/wp-json\/wp\/v2\/pages\/3349"}],"collection":[{"href":"https:\/\/ifd13-nqn.infd.edu.ar\/sitio\/wp-json\/wp\/v2\/pages"}],"about":[{"href":"https:\/\/ifd13-nqn.infd.edu.ar\/sitio\/wp-json\/wp\/v2\/types\/page"}],"author":[{"embeddable":true,"href":"https:\/\/ifd13-nqn.infd.edu.ar\/sitio\/wp-json\/wp\/v2\/users\/1709"}],"replies":[{"embeddable":true,"href":"https:\/\/ifd13-nqn.infd.edu.ar\/sitio\/wp-json\/wp\/v2\/comments?post=3349"}],"version-history":[{"count":5,"href":"https:\/\/ifd13-nqn.infd.edu.ar\/sitio\/wp-json\/wp\/v2\/pages\/3349\/revisions"}],"predecessor-version":[{"id":3552,"href":"https:\/\/ifd13-nqn.infd.edu.ar\/sitio\/wp-json\/wp\/v2\/pages\/3349\/revisions\/3552"}],"wp:attachment":[{"href":"https:\/\/ifd13-nqn.infd.edu.ar\/sitio\/wp-json\/wp\/v2\/media?parent=3349"}],"curies":[{"name":"wp","href":"https:\/\/api.w.org\/{rel}","templated":true}]}}