{"id":3319,"date":"2025-09-28T01:44:07","date_gmt":"2025-09-28T04:44:07","guid":{"rendered":"https:\/\/ifd13-nqn.infd.edu.ar\/sitio\/?page_id=3319"},"modified":"2025-09-28T01:44:08","modified_gmt":"2025-09-28T04:44:08","slug":"siso","status":"publish","type":"page","link":"https:\/\/ifd13-nqn.infd.edu.ar\/sitio\/siso\/","title":{"rendered":"SISO"},"content":{"rendered":"\n<style>\n\/* =========================================================\n   ESTILOS GLOBALES Y CONTENEDOR DE FONDO (BANNER)\n   ========================================================= *\/\n\/* Este contenedor replica el degradado azul oscuro a verde\/azul de la cabecera del sitio de referencia *\/\n.full-width-degrade-wrapper {\n    background: linear-gradient(to bottom, #004080, #368551);\n    padding: 60px 20px;\n    color: #ffffff;\n    font-family: Arial, sans-serif;\n    box-sizing: border-box;\n\n    \/* Estilos para que el banner ocupe todo el ancho en WordPress *\/\n    width: 100vw !important;\n    margin-left: calc(50% - 50vw) !important;\n    margin-right: 0 !important;\n    margin-top: 0 !important;\n    margin-bottom: 0 !important;\n}\n\n.pesi-container {\n    margin: 0 auto; \n    max-width: 900px; \n    padding: 0; \n}\n\n\/* T\u00edtulo Principal: \"Sistema Integral de Salud Ocupacional\" *\/\n.pesi-main-title {\n    font-size: clamp(2.5em, 6vw, 4.5em);\n    font-weight: bold;\n    margin-bottom: 40px;\n    text-shadow: 2px 2px 5px rgba(0, 0, 0, 0.5);\n    text-align: center;\n    line-height: 1.1;\n    color: #ffffff; \n}\n\n\/* =========================================================\n   CONTENEDOR DE CONTENIDO (Recuadro del texto)\n   ========================================================= *\/\n.pesi-content-area {\n    background-color: #ffffff; \/* Fondo blanco para el recuadro de texto *\/\n    padding: 30px;\n    border-radius: 8px;\n    box-shadow: 0 4px 15px rgba(0, 0, 0, 0.1); \n    color: #333333; \/* Texto oscuro *\/\n}\n\n\/* Estilos para el texto de informaci\u00f3n (JUSTIFICADO) *\/\n.info-text-dark {\n    color: #333333;\n    line-height: 1.6;\n    margin-bottom: 20px;\n    font-size: 1.1em;\n    text-align: justify; \/* Aplica justificaci\u00f3n a todo el texto que use esta clase *\/\n}\n\n\/* Estilos para el video incrustado (Responsivo) *\/\n.video-responsive {\n    position: relative;\n    padding-bottom: 56.25%; \/* Relaci\u00f3n de aspecto 16:9 *\/\n    height: 0;\n    overflow: hidden;\n    margin-top: 30px;\n    border-radius: 8px;\n    box-shadow: 0 4px 15px rgba(0, 0, 0, 0.1);\n}\n\n.video-responsive iframe {\n    position: absolute;\n    top: 0;\n    left: 0;\n    width: 100%;\n    height: 100%;\n}\n\n\/* T\u00edtulo del video (Generalmente centrado para un t\u00edtulo) *\/\n.video-title {\n    font-weight: bold;\n    margin-top: 20px;\n    margin-bottom: 10px;\n    color: #004080;\n    font-size: 1.3em;\n    text-align: center;\n}\n\n\/* Bot\u00f3n SISO *\/\n.siso-button-wrapper {\n    text-align: center; \n    margin: 24px 0;\n}\n\n.siso-button-wrapper a {\n    display: inline-block;\n    padding: 12px 24px;\n    background-color: #004080; \/* Azul oscuro primario *\/\n    color: white;\n    text-decoration: none;\n    font-size: 16px;\n    font-weight: bold;\n    border-radius: 100px;\n    text-align: center;\n    width: auto;\n    box-sizing: border-box;\n    white-space: normal;\n    word-break: break-word;\n    margin: 16px 0; \n    transition: background-color 0.3s;\n}\n\n.siso-button-wrapper a:hover {\n    background-color: #368551; \/* Verde de acento al pasar el mouse *\/\n}\n<\/style>\n\n<div class=\"full-width-degrade-wrapper\">\n    <div class=\"pesi-container\"> \n        <div class=\"pesi-main-title\">\n            Sistema Integral de Salud Ocupacional\n        <\/div>\n        \n        <div class=\"pesi-content-area\">\n        \n            <p class=\"info-text-dark\">\n                El Sistema Integral de Salud Ocupacional (S.I.S.O.) es una app que permite notificar a las Escuelas las ausencias y cargar certificados m\u00e9dicos. Para ello debe acceder al sitio web a trav\u00e9s del bot\u00f3n:\n            <\/p>\n            \n            <div class=\"siso-button-wrapper\">\n                <a href=\"https:\/\/siso.neuquen.edu.ar\/index.php\/site\/login\" target=\"_blank\" rel=\"noreferrer noopener\">\n                    SISO\n                <\/a>\n            <\/div>\n            \n            <p class=\"info-text-dark\" style=\"margin-bottom: 10px;\">\n                Si es la primera vez que va a realizar este tr\u00e1mite, puede seguir los pasos indicados en este video tutorial.\n            <\/p>\n\n            <div class=\"video-title\">\n                \u00abSubir Certificado M\u00e9dico\u00bb &#8211; Tutorial Plataforma SISO &#8211; Neuqu\u00e9n\n            <\/div>\n\n            <div class=\"video-responsive\">\n                <iframe loading=\"lazy\" \n                    width=\"560\" \n                    height=\"315\" \n                    src=\"https:\/\/www.youtube.com\/embed\/JjLp-g_DZH4\" \n                    frameborder=\"0\" \n                    allow=\"accelerometer; autoplay; clipboard-write; encrypted-media; gyroscope; picture-in-picture\" \n                    allowfullscreen>\n                <\/iframe>\n            <\/div>\n            \n        <\/div>\n    <\/div>\n<\/div>\n","protected":false},"excerpt":{"rendered":"<p>Sistema Integral de Salud Ocupacional El Sistema Integral de Salud Ocupacional (S.I.S.O.) es una app que permite notificar a las Escuelas las ausencias y cargar certificados m\u00e9dicos. Para ello debe acceder al sitio web a trav\u00e9s del bot\u00f3n: SISO Si es la primera vez que va a realizar este tr\u00e1mite, puede seguir los pasos indicados &#8230; <a title=\"SISO\" class=\"read-more\" href=\"https:\/\/ifd13-nqn.infd.edu.ar\/sitio\/siso\/\" aria-label=\"More on SISO\">[+]<\/a><\/p>\n","protected":false},"author":1709,"featured_media":0,"parent":0,"menu_order":0,"comment_status":"closed","ping_status":"closed","template":"","meta":[],"acf":[],"_links":{"self":[{"href":"https:\/\/ifd13-nqn.infd.edu.ar\/sitio\/wp-json\/wp\/v2\/pages\/3319"}],"collection":[{"href":"https:\/\/ifd13-nqn.infd.edu.ar\/sitio\/wp-json\/wp\/v2\/pages"}],"about":[{"href":"https:\/\/ifd13-nqn.infd.edu.ar\/sitio\/wp-json\/wp\/v2\/types\/page"}],"author":[{"embeddable":true,"href":"https:\/\/ifd13-nqn.infd.edu.ar\/sitio\/wp-json\/wp\/v2\/users\/1709"}],"replies":[{"embeddable":true,"href":"https:\/\/ifd13-nqn.infd.edu.ar\/sitio\/wp-json\/wp\/v2\/comments?post=3319"}],"version-history":[{"count":9,"href":"https:\/\/ifd13-nqn.infd.edu.ar\/sitio\/wp-json\/wp\/v2\/pages\/3319\/revisions"}],"predecessor-version":[{"id":3497,"href":"https:\/\/ifd13-nqn.infd.edu.ar\/sitio\/wp-json\/wp\/v2\/pages\/3319\/revisions\/3497"}],"wp:attachment":[{"href":"https:\/\/ifd13-nqn.infd.edu.ar\/sitio\/wp-json\/wp\/v2\/media?parent=3319"}],"curies":[{"name":"wp","href":"https:\/\/api.w.org\/{rel}","templated":true}]}}